{"id":123,"date":"2015-04-07T10:26:04","date_gmt":"2015-04-07T08:26:04","guid":{"rendered":"http:\/\/butikenpalandet.hemsida.eu\/balby\/?page_id=123"},"modified":"2016-11-29T11:11:36","modified_gmt":"2016-11-29T10:11:36","slug":"om-butiken","status":"publish","type":"page","link":"http:\/\/bpl.se\/balby\/om-butiken\/","title":{"rendered":"Om butiken"},"content":{"rendered":"<p><a href=\"http:\/\/bpl.se\/balby\/wp-content\/uploads\/2016\/11\/img_0738-e1480414226729.jpg\"><img loading=\"lazy\" decoding=\"async\" class=\"alignnone size-medium wp-image-1261\" src=\"http:\/\/bpl.se\/balby\/wp-content\/uploads\/2016\/11\/img_0738-e1480414226729-375x500.jpg\" alt=\"img_0738\" width=\"375\" height=\"500\" srcset=\"http:\/\/bpl.se\/balby\/wp-content\/uploads\/2016\/11\/img_0738-e1480414226729-375x500.jpg 375w, http:\/\/bpl.se\/balby\/wp-content\/uploads\/2016\/11\/img_0738-e1480414226729-768x1024.jpg 768w\" sizes=\"(max-width: 375px) 100vw, 375px\" \/><\/a><\/p>\n<p>&nbsp;<\/p>\n<p>H\u00e4r hittar ni kl\u00e4der av h\u00f6gsta kvalit\u00e9 f\u00f6r b\u00e5de dam herr, ung som gammal. Uppt\u00e4ck v\u00e5rt sortiment av det allra senaste inom country lifestyle modet.<\/p>\n<p>H\u00e4r finns produkter fr\u00e5n ledande tillverkare i Storbritannien, Irland, Italien, Frankrike och \u00d6sterrike, men \u00e4ven lokalt tillverkade varor. Vi har till exempel m\u00e4rken som Barbour, Henri Lloyd, Hammerschmid, Anne Fontaine, Cashmereplagg fr\u00e5n Repeat, Tulchan, Saint James, Fynch Hatton, Hansen &amp; Jacob, st\u00f6vlar fr\u00e5n Hunter med mera.<\/p>\n<p>Slappna av i vacker lantmilj\u00f6, avnjut en kopp kaffe och ta en titt p\u00e5 det senaste av det lantliga modet.<\/p>\n<p>V\u00e4lkommen hit!<\/p>\n<h2>\u00d6ppettider<\/h2>\n<p>Torsdag &#8211; Fredag: 14-18<br \/>\nL\u00f6rdag &#8211; S\u00f6ndag: 12-16<\/p>\n","protected":false},"excerpt":{"rendered":"<p>&nbsp; H\u00e4r hittar ni kl\u00e4der av h\u00f6gsta kvalit\u00e9 f\u00f6r b\u00e5de dam herr, ung som gammal. Uppt\u00e4ck v\u00e5rt sortiment av det allra senaste inom country lifestyle modet. H\u00e4r finns produkter fr\u00e5n ledande tillverkare i Storbritannien, Irland, Italien, Frankrike och \u00d6sterrike, men \u00e4ven lokalt tillverkade varor. Vi har till exempel m\u00e4rken som Barbour, Henri Lloyd, Hammerschmid, Anne [&hellip;]<\/p>\n","protected":false},"author":1,"featured_media":0,"parent":0,"menu_order":5,"comment_status":"closed","ping_status":"closed","template":"","meta":{"footnotes":""},"_links":{"self":[{"href":"http:\/\/bpl.se\/balby\/wp-json\/wp\/v2\/pages\/123"}],"collection":[{"href":"http:\/\/bpl.se\/balby\/wp-json\/wp\/v2\/pages"}],"about":[{"href":"http:\/\/bpl.se\/balby\/wp-json\/wp\/v2\/types\/page"}],"author":[{"embeddable":true,"href":"http:\/\/bpl.se\/balby\/wp-json\/wp\/v2\/users\/1"}],"replies":[{"embeddable":true,"href":"http:\/\/bpl.se\/balby\/wp-json\/wp\/v2\/comments?post=123"}],"version-history":[{"count":20,"href":"http:\/\/bpl.se\/balby\/wp-json\/wp\/v2\/pages\/123\/revisions"}],"predecessor-version":[{"id":1262,"href":"http:\/\/bpl.se\/balby\/wp-json\/wp\/v2\/pages\/123\/revisions\/1262"}],"wp:attachment":[{"href":"http:\/\/bpl.se\/balby\/wp-json\/wp\/v2\/media?parent=123"}],"curies":[{"name":"wp","href":"https:\/\/api.w.org\/{rel}","templated":true}]}}