{"id":47,"date":"2015-03-21T11:25:24","date_gmt":"2015-03-21T10:25:24","guid":{"rendered":"http:\/\/butikenpalandet.hemsida.eu\/balby\/?page_id=47"},"modified":"2016-11-29T11:34:31","modified_gmt":"2016-11-29T10:34:31","slug":"hitta-hit","status":"publish","type":"page","link":"http:\/\/bpl.se\/balby\/hitta-hit\/","title":{"rendered":"G\u00f6r en utflykt till en annorlunda butiksupplevelse!"},"content":{"rendered":"<div id=\"pl-47\"  class=\"panel-layout\" ><div id=\"pg-47-0\"  class=\"panel-grid panel-no-style\" ><div id=\"pgc-47-0-0\"  class=\"panel-grid-cell\" ><div id=\"panel-47-0-0-0\" class=\"so-panel widget widget_black-studio-tinymce widget_black_studio_tinymce panel-first-child panel-last-child\" data-index=\"0\" ><div class=\"textwidget\"><h3>Hur hittar man till oss?<\/h3>\n<\/div><\/div><\/div><\/div><div id=\"pg-47-1\"  class=\"panel-grid panel-no-style\" ><div id=\"pgc-47-1-0\"  class=\"panel-grid-cell\" ><div id=\"panel-47-1-0-0\" class=\"so-panel widget widget_black-studio-tinymce widget_black_studio_tinymce panel-first-child panel-last-child\" data-index=\"1\" ><h3 class=\"widget-title\">Fr\u00e5n E20<\/h3><div class=\"textwidget\"><p>Sv\u00e4ng avfart mot Hasselfors 5 km norr om Lax\u00e5. K\u00f6r 10 km, tag d\u00e4refter av mot B\u00e5lby.<\/p>\n<\/div><\/div><\/div><div id=\"pgc-47-1-1\"  class=\"panel-grid-cell\" ><div id=\"panel-47-1-1-0\" class=\"so-panel widget widget_black-studio-tinymce widget_black_studio_tinymce panel-first-child panel-last-child\" data-index=\"2\" ><h3 class=\"widget-title\">Fr\u00e5n E18<\/h3><div class=\"textwidget\"><p>Avfart mot Fjugesta och k\u00f6r v\u00e4g 204 mot Mullhyttan. 3 km innan Mullhyttan\u00a0sv\u00e4ng av v\u00e4nster\u00a0mot B\u00e5lby och k\u00f6r 7 km p\u00e5 en grusv\u00e4g.<\/p>\n<\/div><\/div><\/div><div id=\"pgc-47-1-2\"  class=\"panel-grid-cell\" ><div id=\"panel-47-1-2-0\" class=\"so-panel widget widget_black-studio-tinymce widget_black_studio_tinymce panel-first-child panel-last-child\" data-index=\"3\" ><h3 class=\"widget-title\">Koordinater<\/h3><div class=\"textwidget\"><p>WGS 84:<br \/>N 59\u00b0 6.090\u2032, E 14\u00b0 41.360\u2032<\/p>\n<p>SWEREF 99:<br \/>655 13 95, 48 22 04<\/p>\n<\/div><\/div><\/div><\/div><div id=\"pg-47-2\"  class=\"panel-grid panel-no-style\" ><div id=\"pgc-47-2-0\"  class=\"panel-grid-cell\" ><div id=\"panel-47-2-0-0\" class=\"so-panel widget widget_black-studio-tinymce widget_black_studio_tinymce panel-first-child panel-last-child\" data-index=\"4\" ><div class=\"textwidget\"><p>Kontakta oss g\u00e4rna f\u00f6r mer information eller g\u00e5 in p\u00e5 B\u00e5lby S\u00e4teris hemsida <a href=\"http:\/\/www.balby.se\">www.balby.se<\/a><\/p>\n<\/div><\/div><\/div><\/div><\/div>","protected":false},"excerpt":{"rendered":"<p>Hur hittar man till oss? Sv\u00e4ng avfart mot Hasselfors 5 km norr om Lax\u00e5. K\u00f6r 10 km, tag d\u00e4refter av mot B\u00e5lby. Avfart mot Fjugesta och k\u00f6r v\u00e4g 204 mot Mullhyttan. 3 km innan Mullhyttan\u00a0sv\u00e4ng av v\u00e4nster\u00a0mot B\u00e5lby och k\u00f6r 7 km p\u00e5 en grusv\u00e4g. WGS 84:N 59\u00b0 6.090\u2032, E 14\u00b0 41.360\u2032SWEREF 99:655 13 95, [&hellip;]<\/p>\n","protected":false},"author":1,"featured_media":0,"parent":0,"menu_order":6,"comment_status":"closed","ping_status":"closed","template":"","meta":{"footnotes":""},"_links":{"self":[{"href":"http:\/\/bpl.se\/balby\/wp-json\/wp\/v2\/pages\/47"}],"collection":[{"href":"http:\/\/bpl.se\/balby\/wp-json\/wp\/v2\/pages"}],"about":[{"href":"http:\/\/bpl.se\/balby\/wp-json\/wp\/v2\/types\/page"}],"author":[{"embeddable":true,"href":"http:\/\/bpl.se\/balby\/wp-json\/wp\/v2\/users\/1"}],"replies":[{"embeddable":true,"href":"http:\/\/bpl.se\/balby\/wp-json\/wp\/v2\/comments?post=47"}],"version-history":[{"count":19,"href":"http:\/\/bpl.se\/balby\/wp-json\/wp\/v2\/pages\/47\/revisions"}],"predecessor-version":[{"id":1275,"href":"http:\/\/bpl.se\/balby\/wp-json\/wp\/v2\/pages\/47\/revisions\/1275"}],"wp:attachment":[{"href":"http:\/\/bpl.se\/balby\/wp-json\/wp\/v2\/media?parent=47"}],"curies":[{"name":"wp","href":"https:\/\/api.w.org\/{rel}","templated":true}]}}