{"id":123,"date":"2015-04-07T10:26:04","date_gmt":"2015-04-07T08:26:04","guid":{"rendered":"http:\/\/butikenpalandet.hemsida.eu\/heagard\/?page_id=123"},"modified":"2026-01-22T15:28:40","modified_gmt":"2026-01-22T14:28:40","slug":"om-butiken","status":"publish","type":"page","link":"https:\/\/bpl.se\/heagard\/om-butiken\/","title":{"rendered":"Om Heag\u00e5rd"},"content":{"rendered":"<div id=\"pl-123\"  class=\"panel-layout\" ><div id=\"pg-123-0\"  class=\"panel-grid panel-no-style\" ><div id=\"pgc-123-0-0\"  class=\"panel-grid-cell\" ><div id=\"panel-123-0-0-0\" class=\"so-panel widget widget_black-studio-tinymce widget_black_studio_tinymce panel-first-child panel-last-child\" data-index=\"0\" ><h3 class=\"widget-title\">En annorlunda upplevelse<\/h3><div class=\"textwidget\"><p>Butiken p\u00e5 Landet \u00e4r en kvalit\u00e9ts kl\u00e4dbutik n\u00e4ra Halmstad City. Vi erbjuder personlig service och exklusiva, klasisska m\u00e4rken fr\u00e5n Europa.<\/p>\n<p>Avfart fr\u00e5n norr: Sv\u00e4ng av E6:an avfart 46.Vid T-Korsning sv\u00e4ng v\u00e4nster mot Gullbrandstorp. \u00e5k ca 1,5 mil. Framme vid ny T-korsning sv\u00e4ng v\u00e4nster mot Halmstad, se skylt Butiken p\u00e5 Landet Heag\u00e5rd, sv\u00e4ng v\u00e4nster.<\/p>\n<p>Avfart fr\u00e5n s\u00f6der: Sv\u00e4ng av E6:an avfart 43, k\u00f6r mot Steninge och hallands kustv\u00e4g. Skylt syns Butiken p\u00e5 landet - Heag\u00e5rd, sv\u00e4ng v\u00e4nster.<\/p>\n<\/div><\/div><\/div><div id=\"pgc-123-0-1\"  class=\"panel-grid-cell\" ><div id=\"panel-123-0-1-0\" class=\"so-panel widget widget_black-studio-tinymce widget_black_studio_tinymce panel-first-child panel-last-child\" data-index=\"1\" ><div class=\"textwidget\"><p><strong>\u00d6ppettider<br \/>\n<\/strong>G\u00e5 till v\u00e5r nya hemsida f\u00f6r \u00f6ppettider<\/p>\n<p><a href=\"http:\/\/www.butikenpalandethalmstad.se\" target=\"_blank\" rel=\"noopener\">www.butikenpalandethalmstad.se<\/a><\/p>\n<p><strong>Kontakt<br \/>\n<\/strong>Butiken p\u00e5 Landet<br \/>\nHeag\u00e5rd<br \/>\n305 91 Halmstad<\/p>\n<p>Mobil Camilla: 0708-188688<br \/>\nE-post: <a href=\"mailto:%20heagard@bpl.se\" target=\"_blank\" rel=\"noopener\">heagard@bpl.se<\/a><br \/>\nG\u00e5rdens hemsida: <a title=\"Heag\u00e5rd Halmstad\" href=\"http:\/\/www.heagardhalmstad.se\" target=\"_blank\" rel=\"noopener\">www.heagardhalmstad.se<\/a><\/p>\n<p>&nbsp;<\/p>\n<\/div><\/div><\/div><\/div><\/div>","protected":false},"excerpt":{"rendered":"<p>Butiken p\u00e5 Landet \u00e4r en kvalit\u00e9ts kl\u00e4dbutik n\u00e4ra Halmstad City. Vi erbjuder personlig service och exklusiva, klasisska m\u00e4rken fr\u00e5n Europa.Avfart fr\u00e5n norr: Sv\u00e4ng av E6:an avfart 46.Vid T-Korsning sv\u00e4ng v\u00e4nster mot Gullbrandstorp. \u00e5k ca 1,5 mil. Framme vid ny T-korsning sv\u00e4ng v\u00e4nster mot Halmstad, se skylt Butiken p\u00e5 Landet Heag\u00e5rd, sv\u00e4ng v\u00e4nster.Avfart fr\u00e5n s\u00f6der: Sv\u00e4ng [&hellip;]<\/p>\n","protected":false},"author":1,"featured_media":0,"parent":0,"menu_order":5,"comment_status":"closed","ping_status":"closed","template":"","meta":[],"_links":{"self":[{"href":"https:\/\/bpl.se\/heagard\/wp-json\/wp\/v2\/pages\/123"}],"collection":[{"href":"https:\/\/bpl.se\/heagard\/wp-json\/wp\/v2\/pages"}],"about":[{"href":"https:\/\/bpl.se\/heagard\/wp-json\/wp\/v2\/types\/page"}],"author":[{"embeddable":true,"href":"https:\/\/bpl.se\/heagard\/wp-json\/wp\/v2\/users\/1"}],"replies":[{"embeddable":true,"href":"https:\/\/bpl.se\/heagard\/wp-json\/wp\/v2\/comments?post=123"}],"version-history":[{"count":32,"href":"https:\/\/bpl.se\/heagard\/wp-json\/wp\/v2\/pages\/123\/revisions"}],"predecessor-version":[{"id":1284,"href":"https:\/\/bpl.se\/heagard\/wp-json\/wp\/v2\/pages\/123\/revisions\/1284"}],"wp:attachment":[{"href":"https:\/\/bpl.se\/heagard\/wp-json\/wp\/v2\/media?parent=123"}],"curies":[{"name":"wp","href":"https:\/\/api.w.org\/{rel}","templated":true}]}}